atest common factor of 102 and 4986015?
51
What is the highest common divisor of 32410506 and 426?
426
What is the highest common factor of 115804406 and 124?
62
What is the highest common factor of 17912170 and 360?
10
What is the greatest common factor of 481325 and 195?
65
Calculate the highest common divisor of 168507482 and 572.
286
What is the greatest common divisor of 2275839 and 2?
1
Calculate the highest common divisor of 77443 and 86688.
43
Calculate the highest common divisor of 2214 and 24678351.
1107
What is the greatest common divisor of 35076 and 14536?
316
What is the greatest common factor of 1900 and 93370180?
380
Calculate the highest common divisor of 806358042 and 238.
238
What is the highest common divisor of 42 and 235446106?
14
What is the greatest common divisor of 111 and 1091463?
111
What is the highest common factor of 250075 and 57953095?
7145
Calculate the greatest common divisor of 10744 and 161480.
8
What is the highest common divisor of 34871575 and 555?
185
Calculate the greatest common factor of 3886 and 35549664.
134
Calculate the highest common divisor of 7419600 and 162.
162
What is the greatest common factor of 16048080 and 18600?
3720
Calculate the highest common factor of 95 and 59052779.
19
What is the highest common divisor of 36542472 and 38?
38
Calculate the highest common divisor of 4650 and 3025600.
1550
What is the greatest common factor of 17858340 and 65?
5
What is the highest common divisor of 58804011 and 126?
63
What is the highest common factor of 17 and 26460619?
17
Calculate the highest common factor of 4968 and 278694.
54
What is the greatest common factor of 5258007 and 14283?
621
What is the highest common divisor of 9002805 and 163785?
2685
Calculate the highest common divisor of 6995870 and 16537.
719
Calculate the greatest common factor of 722 and 3066667203.
361
Calculate the greatest common factor of 777959 and 4802629.
1079
What is the greatest common factor of 2082 and 2831459622?
2082
What is the highest common divisor of 1073414 and 632468?
4454
What is the highest common divisor of 9201654 and 14553?
2079
What is the greatest common factor of 1512 and 12287268?
756
What is the greatest common divisor of 3484644 and 325632?
636
What is the greatest common factor of 53997864 and 24?
24
What is the highest common divisor of 35665461 and 8775?
351
Calculate the greatest common divisor of 18 and 241835994.
18
Calculate the highest common factor of 6052806 and 648.
162
Calculate the highest common divisor of 231498 and 682.
2
Calculate the greatest common divisor of 1322 and 19586.
2
What is the highest common factor of 29414 and 2737?
7
What is the highest common factor of 229196 and 7612?
44
Calculate the greatest common divisor of 690 and 741578190.
690
What is the highest common divisor of 1012005 and 53535?
645
Calculate the greatest common divisor of 583652909 and 329.
329
What is the greatest common divisor of 662422 and 7089?
17
What is the greatest common divisor of 11604 and 109897616?
3868
Calculate the greatest common divisor of 499393 and 33363557.
6841
What is the greatest common factor of 1350 and 77327100?
450
Calculate the highest common divisor of 5935268 and 7412.
436
What is the greatest common divisor of 101131704 and 58176?
7272
Calculate the highest common factor of 9466114 and 63.
7
What is the highest common factor of 256247 and 25217?
151
What is the highest common divisor of 7941440 and 666770?
2990
What is the highest common divisor of 112455 and 22950?
2295
What is the greatest common factor of 580 and 620588?
4
Calculate the greatest common divisor of 337905 and 170010.
45
Calculate the greatest common factor of 2437908 and 57354.
726
What is the highest common divisor of 220 and 1329340?
20
What is the highest common divisor of 106704 and 222534?
702
What is the highest common divisor of 75909955 and 1089?
121
Calculate the greatest common factor of 48111 and 6277656.
1659
Calculate the highest common factor of 8832 and 1502958.
138
What is the greatest common divisor of 47815367 and 322?
23
What is the greatest common factor of 1988565 and 1665?
555
Calculate the greatest common factor of 49758844 and 543996.
6716
What is the greatest common factor of 3992704 and 2432?
128
Calculate the highest common divisor of 16740 and 4302924.
372
What is the highest common factor of 82 and 36826?
2
What is the greatest common divisor of 10620 and 738650205?
2655
What is the highest common factor of 4334792 and 1240?
248
What is the greatest common divisor of 4812 and 1051098393?
1203
Calculate the greatest common factor of 14096642 and 68418.
2534
Calculate the highest common divisor of 7932 and 16226889.
1983
What is the highest common factor of 136670 and 256750?
790
What is the highest common divisor of 7565 and 467606?
89
What is the greatest common divisor of 129196525 and 50?
25
Calculate the highest common factor of 234 and 2869893.
117
What is the greatest common divisor of 1193109312 and 6984?
2328
What is the highest common divisor of 1024 and 3516328?
8
Calculate the highest common factor of 4925620 and 111740.
3020
Calculate the greatest common divisor of 221 and 1992102619.
221
What is the highest common factor of 113355 and 13083840?
495
Calculate the greatest common factor of 1626 and 205689.
813
What is the greatest common divisor of 1338 and 32447838?
1338
Calculate the greatest common factor of 2902200 and 726600.
4200
What is the greatest common divisor of 8730 and 16539470?
970
What is the greatest common divisor of 75422907 and 47201?
4291
What is the greatest common divisor of 3096544 and 16?
16
Calculate the greatest common divisor of 184 and 450952.
8
What is the highest common divisor of 3423 and 13535520?
489
Calculate the highest common factor of 277953145 and 24395.
3485
Calculate the highest common factor of 131544383 and 1541.
1541
Calculate the highest common divisor of 35 and 2314315.
5
Calculate the greatest common divisor of 1727 and 1558382.
157
What is the highest common factor of 198492 and 65380?
28
What is the highest common factor of 31 and 32858171?
31
What is the greatest common divisor of 4320118 and 336146?
262
Calculate the highest common factor of 39737711 and 25675.
1027
What is the greatest common divisor of 194847 and 78303?
1821
Calculate the greatest common factor of 403873206 and 8118.
2706
Calculate the greatest common factor of 6431594 and 182.
26
Calculate the highest common divisor of 2312 and 88106563.
289
Calculate the greatest common factor of 425248380 and 11040.
1380
Calculate the highest common divisor of 30446 and 14920882.
2342
Calculate the highest common divisor of 152839202 and 314998.
10862
Calculate the highest common factor of 25656492 and 708.
12
Calculate the highest common divisor of 22441839 and 129381.
1281
What is the greatest common factor of 61117 and 23191?
7
Calculate the greatest common factor of 407307 and 3657.
69
Calculate the greatest common factor of 6250 and 54511700.
50
Calculate the greatest common divisor of 503323 and 5029.
47
Calculate the greatest common divisor of 1248 and 2028338208.
1248
Calculate the highest common divisor of 1133524 and 224.
28
What is the highest common divisor of 2562 and 237312082?
854
What is the greatest common factor of 3591 and 3492979?
133
Calculate the highest common factor of 364110 and 215.
5
What is the highest common divisor of 11739 and 20454369?
1677
Calculate the greatest common factor of 10846485 and 3285.
45
What is the greatest common factor of 43293883 and 1207?
1207
What is the highest common divisor of 800 and 128272?
16
What is the greatest common divisor of 10803 and 320139703?
3601
Calculate the highest common divisor of 11291004 and 36.
36
What is the highest common factor of 1264679 and 377?
13
Calculate the highest common divisor of 380 and 23106565.
95
Calculate the highest common divisor of 2412237 and 39464.
4933
Calculate the greatest common factor of 104435 and 61.
1
Calculate the greatest common divisor of 19236 and 254388.
12
Calculate the greatest common divisor of 1716290292 and 228.
228
Calculate the greatest common divisor of 1014003 and 33489.
549
What is the greatest common divisor of 8101380 and 1260?
